4
What is the units digit of 183004?
4
What is the thousands digit of 51393?
1
What is the hundreds digit of 210?
2
What is the tens digit of 44903?
0
What is the units digit of 143212?
2
What is the ten thousands digit of 55083?
5
What is the units digit of 32234?
4
What is the tens digit of 80276?
7
What is the thousands digit of 4596?
4
What is the thousands digit of 3734?
3
What is the tens digit of 6830?
3
What is the units digit of 1412?
2
What is the tens digit of 694?
9
What is the thousands digit of 21099?
1
What is the thousands digit of 8017?
8
What is the thousands digit of 1581?
1
What is the units digit of 1226?
6
What is the tens digit of 9997?
9
What is the thousands digit of 6232?
6
What is the hundreds digit of 66181?
1
What is the units digit of 2340?
0
What is the hundreds digit of 4338?
3
What is the hundreds digit of 13312?
3
What is the ten thousands digit of 60460?
6
What is the hundreds digit of 2506?
5
What is the thousands digit of 3672?
3
What is the thousands digit of 33196?
3
What is the ten thousands digit of 26665?
2
What is the hundreds digit of 3383?
3
What is the thousands digit of 8144?
8
What is the hundreds digit of 15127?
1
What is the ten thousands digit of 133034?
3
What is the hundreds digit of 8670?
6
What is the units digit of 358?
8
What is the thousands digit of 6255?
6
What is the units digit of 39976?
6
What is the thousands digit of 2598?
2
What is the tens digit of 11973?
7
What is the hundreds digit of 45168?
1
What is the thousands digit of 60945?
0
What is the thousands digit of 90544?
0
What is the hundreds digit of 240?
2
What is the units digit of 11385?
5
What is the thousands digit of 4564?
4
What is the units digit of 656?
6
What is the hundreds digit of 21536?
5
What is the ten thousands digit of 98483?
9
What is the thousands digit of 6771?
6
What is the hundreds digit of 5459?
4
What is the tens digit of 145?
4
What is the hundreds digit of 530?
5
What is the tens digit of 1772?
7
What is the tens digit of 416?
1
What is the thousands digit of 7809?
7
What is the units digit of 5588?
8
What is the tens digit of 264?
6
What is the tens digit of 48781?
8
What is the units digit of 2010?
0
What is the hundreds digit of 1283?
2
What is the tens digit of 60945?
4
What is the tens digit of 7944?
4
What is the thousands digit of 21180?
1
What is the units digit of 5097?
7
What is the units digit of 38195?
5
What is the tens digit of 74824?
2
What is the units digit of 12771?
1
What is the tens digit of 3120?
2
What is the units digit of 18984?
4
What is the thousands digit of 1229?
1
What is the units digit of 9754?
4
What is the hundreds digit of 3635?
6
What is the hundreds digit of 14510?
5
What is the tens digit of 9368?
6
What is the units digit of 99261?
1
What is the hundreds digit of 28153?
1
What is the hundreds digit of 129?
1
What is the tens digit of 1115?
1
What is the thousands digit of 2679?
2
What is the tens digit of 34672?
7
What is the units digit of 30820?
0
What is the tens digit of 7578?
7
What is the ten thousands digit of 96968?
9
What is the hundreds digit of 2040?
0
What is the thousands digit of 7077?
7
What is the units digit of 79?
9
What is the hundreds digit of 1012?
0
What is the thousands digit of 74215?
4
What is the thousands digit of 40214?
0
What is the tens digit of 943?
4
What is the hundreds digit of 23911?
9
What is the thousands digit of 55339?
5
What is the units digit of 67617?
7
What is the thousands digit of 17611?
7
What is the hundreds digit of 99221?
2
What is the thousands digit of 118668?
8
What is the units digit of 534?
4
What is the hundreds digit of 60158?
1
What is the units digit of 802?
2
What is the tens digit of 5512?
1
What is the thousands digit of 85782?
5
What is the units digit of 25974?
4
What is the tens digit of 1410?
1
What is the hundreds digit of 5282?
2
What is the units digit of 1804?
4
What is the units digit of 1502?
2
What is the tens digit of 28246?
4
What is the tens digit of 274?
7
What is the tens digit of 3812?
1
What is the thousands digit of 22209?
2
What is the tens digit of 1579?
7
What is the hundred thousands digit of 175142?
1
What is the hundreds digit of 333?
3
What is the hundreds digit of 64003?
0
What is the tens digit of 6683?
8
What is the ten thousands digit of 24137?
2
What is the hundreds digit of 1643?
6
What is the tens digit of 1240?
4
What is the units digit of 16235?
5
What is the hundreds digit of 2363?
3
What is the hundreds digit of 7492?
4
What is the tens digit of 1551?
5
What is the tens digit of 5395?
9
What is the units digit of 36?
6
What is the tens digit of 26167?
6
What is the ten thousands digit of 84221?
8
What is the thousands digit of 13131?
3
What is the tens digit of 31647?
4
What is the thousands digit of 20818?
0
What is the tens digit of 86989?
8
What is the thousands digit of 3963?
3
What is the units digit of 1?
1
What is the hundreds digit of 425?
4
What is the tens digit of 16220?
2
What is the units digit of 9850?
0
What is the tens digit of 26393?
9
What is the tens digit of 98?
9
What is the tens digit of 132627?
2
What is the thousands digit of 4448?
4
What is the tens digit of 119994?
9
What is the ten thousands digit of 112278?
1
What is the hundreds digit of 423?
4
What is the tens digit of 90287?
8
What is the units digit of 89?
9
What is the tens digit of 56019?
1
What is the ten thousands digit of 10994?
1
What is the tens digit of 28615?
1
What is the tens digit of 26765?
6
What is the units digit of 82?
2
What is the tens digit of 1435?
3
What is the hundreds digit of 2427?
4
What is the units digit of 528?
8
What is the thousands digit of 1742?
1
What is the tens digit of 14700?
0
What is the tens digit of 3877?
7
What is the hundreds digit of 58566?
5
What is the hundreds digit of 3259?
2
What is the tens digit of 53711?
1
What is the units digit of 710?
0
What is the units digit of 2876?
6
What is the ten thousands digit of 131864?
3
What is the units digit of 5171?
1
What is the units digit of 1695?
5
What is the thousands digit of 3700?
3
What is the thousands digit of 104075?
4
What is the thousands digit of 37265?
7
What is the tens digit of 34112?
1
What is the thousands digit of 2593?
2
What is the hundreds digit of 569?
5
What is the units digit of 6309?
9
What is the ten thousands digit of 17705?
1
What is the tens digit of 3607?
0
What is the hundreds digit of 1337?
3
What is the units digit of 80263?
3
What is the units digit of 348?
8
What is the tens digit of 10680?
8
What is the units digit of 289?
9
What is the ten thousands digit of 20808?
2
What is the units digit of 171?
1
What is the units digit of 578?
8
What is the tens digit of 13946?
4
What is the hundreds digit of 696?
6
What is the units digit of 3988?
8
What is the hundreds digit of 1217?
2
What is the tens digit of 9560?
6
What is the tens digit of 23496?
9
What is the hundreds digit of 1728?
7
What is the tens digit of 10820?
2
What is the hundreds digit of 5718?
7
What is the tens digit of 1453?
5
What is the units digit of 2464?
4
What is the hundreds digit of 663?
6
What is the thousands digit of 47392?
7
What is the hundreds digit of 1177?
1
What is the hundreds digit of 5536?
5
What is the hundreds digit of 3797?
7
What is the tens digit of 1120?
2
What is the ten thousands digit of 16006?
1
What is the units digit of 1139?
9
What is the tens digit of 148273?
7
What is the tens digit of 1812?
1
What is the units digit of 17995?
5
What is the thousands digit of 1225?
1
What is the units digit of 53180?
0
What is the tens digit of 59?
5
What is the thousands digit of 26208?
6
What is the tens digit of 26589?
8
What is the hundreds digit of 2397?
3
What is the units digit of 5035?
5
What is the hundreds digit of 163?
1
What is the tens digit of 1762?
6
What is the hundreds digit of 1416?
4
What is the tens digit of 7663?
6
What is the thousands digit of 3572?
3
What is the thousands digit of 9621?
9
What is the units digit of 7320?
0
What is the tens digit of 4286?
8
What is the units digit of 5583?
3
What is the hundreds digit of 13136?
1
What is the units digit of 7910?
0
What is the units digit of 712?
2
What is the hundreds digit of 235?
2
What is the thousands 